{"id":1633,"date":"2026-01-16T18:17:19","date_gmt":"2026-01-16T17:17:19","guid":{"rendered":"https:\/\/gerzsenyi.hu\/?page_id=1633"},"modified":"2026-02-02T13:30:56","modified_gmt":"2026-02-02T12:30:56","slug":"veszprem-balaton","status":"publish","type":"page","link":"https:\/\/woc2027.hu\/en\/veszprem-balaton\/","title":{"rendered":"Veszpr\u00e9m &#038; Lake Balaton"},"content":{"rendered":"<section class=\"l-section wpb_row us_custom_85f0d39c us_animate_this height_large color_secondary with_shape\"><div class=\"l-section-shape type_wave pos_bottom\" style=\"height:7vmin;\"><svg xmlns=\"http:\/\/www.w3.org\/2000\/svg\" viewBox=\"0 4 64 4\" preserveAspectRatio=\"none\" width=\"100%\" height=\"100%\">\r\n\t<path fill=\"currentColor\" d=\"M64 6 C32 0 32 12 0 6 L0 8 L64 8 Z\"\/>\r\n<\/svg><\/div><div class=\"l-section-h i-cf\"><div class=\"g-cols vc_row via_grid cols_1 laptops-cols_inherit tablets-cols_inherit mobiles-cols_1 valign_top type_default stacking_default\"><div class=\"wpb_column vc_column_container\"><div class=\"vc_column-inner\"><span class=\"w-text\"><span class=\"w-text-h\"><span class=\"w-text-value\">Venue &#038; Arena<\/span><\/span><\/span><h1 class=\"w-text\"><span class=\"w-text-h\"><span class=\"w-text-value\">Veszpr\u00e9m &#038; Lake Balaton<\/span><\/span><\/h1><\/div><\/div><\/div><\/div><\/section><section class=\"l-section wpb_row us_custom_a518f36e us_animate_this height_large\"><div class=\"l-section-h i-cf\"><div class=\"g-cols vc_row via_grid cols_2 laptops-cols_inherit tablets-cols_1 mobiles-cols_1 valign_top type_default stacking_default\"><div class=\"wpb_column vc_column_container\"><div class=\"vc_column-inner\"><h2 class=\"w-text us_custom_4ce1635c has_text_color\"><span class=\"w-text-h\"><span class=\"w-text-value\">Veszpr\u00e9m<\/span><\/span><\/h2><div class=\"wpb_text_column\"><div class=\"wpb_wrapper\"><p data-path-to-node=\"2\">The City of Queens and a key hub of the 2023 European Capital of Culture program, Veszpr\u00e9m is the proud host of WOC 2027.<\/p>\n<p data-path-to-node=\"3\">The cobblestone streets of the Castle District, the Baroque squares, and the vibrant atmosphere of the city center provide the perfect setting for a stroll, a coffee, or evening activities between races.<\/p>\n<p data-path-to-node=\"4\"><strong>Explore the city between your runs \u2013 here, sport and urban experiences blend together naturally.<\/strong><\/p>\n<\/div><\/div><div class=\"w-separator size_small\"><\/div><div class=\"w-btn-wrapper align_center\"><a class=\"w-btn us-btn-style_1\" target=\"_blank\" href=\"https:\/\/www.veszpreminfo.hu\/en\" rel=\"noopener\"><span class=\"w-btn-label\">Veszpr\u00e9m<\/span><\/a><\/div><\/div><\/div><div class=\"wpb_column vc_column_container us_custom_35b52ee0\"><div class=\"vc_column-inner\"><div class=\"w-image us_custom_213e151c align_none\"><div class=\"w-image-h\"><img decoding=\"async\" width=\"800\" height=\"533\" src=\"https:\/\/woc2027.hu\/wp-content\/uploads\/2024\/08\/vp-video-1.jpg\" class=\"attachment-large size-large\" alt=\"\" loading=\"lazy\" srcset=\"https:\/\/woc2027.hu\/wp-content\/uploads\/2024\/08\/vp-video-1.jpg 800w, https:\/\/woc2027.hu\/wp-content\/uploads\/2024\/08\/vp-video-1-300x200.jpg 300w\" sizes=\"auto, (max-width: 800px) 100vw, 800px\" title=\"\"><\/div><\/div><\/div><\/div><\/div><\/div><\/section><section class=\"l-section wpb_row us_custom_a518f36e us_animate_this height_large color_secondary with_shape\"><div class=\"l-section-shape type_wave pos_top\" style=\"height:7vmin;\"><svg xmlns=\"http:\/\/www.w3.org\/2000\/svg\" viewBox=\"0 4 64 4\" preserveAspectRatio=\"none\" width=\"100%\" height=\"100%\">\r\n\t<path fill=\"currentColor\" d=\"M64 6 C32 0 32 12 0 6 L0 8 L64 8 Z\"\/>\r\n<\/svg><\/div><div class=\"l-section-shape type_wave pos_bottom\" style=\"height:7vmin;\"><svg xmlns=\"http:\/\/www.w3.org\/2000\/svg\" viewBox=\"0 4 64 4\" preserveAspectRatio=\"none\" width=\"100%\" height=\"100%\">\r\n\t<path fill=\"currentColor\" d=\"M64 6 C32 0 32 12 0 6 L0 8 L64 8 Z\"\/>\r\n<\/svg><\/div><div class=\"l-section-h i-cf\"><div class=\"g-cols vc_row via_grid cols_2 laptops-cols_inherit tablets-cols_1 mobiles-cols_1 valign_top type_default stacking_default\"><div class=\"wpb_column vc_column_container\"><div class=\"vc_column-inner\"><div class=\"w-image us_custom_213e151c align_none\"><div target=\"_blank\" title=\"Bulletein 1 let\u00f6lt\u00e9se\" class=\"w-image-h\"><img decoding=\"async\" width=\"600\" height=\"400\" src=\"https:\/\/woc2027.hu\/wp-content\/uploads\/2026\/01\/balaton.png\" class=\"attachment-large size-large\" alt=\"\" loading=\"lazy\" srcset=\"https:\/\/woc2027.hu\/wp-content\/uploads\/2026\/01\/balaton.png 600w, https:\/\/woc2027.hu\/wp-content\/uploads\/2026\/01\/balaton-300x200.png 300w\" sizes=\"auto, (max-width: 600px) 100vw, 600px\" title=\"\"><\/div><\/div><\/div><\/div><div class=\"wpb_column vc_column_container\"><div class=\"vc_column-inner\"><h2 class=\"w-text\"><span class=\"w-text-h\"><span class=\"w-text-value\">Lake Balaton<\/span><\/span><\/h2><div class=\"wpb_text_column\"><div class=\"wpb_wrapper\"><p data-path-to-node=\"2\">Lake Balaton \u2013 known as the &#8220;Hungarian Sea&#8221; \u2013 is just a stone&#8217;s throw away from Veszpr\u00e9m, making the lakeside relaxation easily accessible after your races.<\/p>\n<p data-path-to-node=\"3\">Beaches, marinas, promenades, and stunning sunsets await you, whether you\u2019re looking for a quick dip or a longer lakeside program.<\/p>\n<p data-path-to-node=\"4\"><strong>At WOC 2027, the event is not just a competition \u2013 it\u2019s a true summer experience.<\/strong><\/p>\n<\/div><\/div><div class=\"w-separator size_small\"><\/div><div class=\"w-btn-wrapper align_center\"><a class=\"w-btn us-btn-style_1 us_custom_420561d5\" target=\"_blank\" href=\"https:\/\/visithungary.com\/category\/balaton\" rel=\"noopener\"><span class=\"w-btn-label\">Lake Balaton<\/span><\/a><\/div><\/div><\/div><\/div><\/div><\/section><section class=\"l-section wpb_row us_custom_e11ab399 height_large\"><div class=\"l-section-h i-cf\"><div class=\"g-cols vc_row via_grid cols_2 laptops-cols_inherit tablets-cols_1 mobiles-cols_1 valign_top type_default stacking_default\"><div class=\"wpb_column vc_column_container\"><div class=\"vc_column-inner\"><h2 class=\"w-text us_custom_4ce1635c has_text_color\"><span class=\"w-text-h\"><span class=\"w-text-value\">Balaton Uplands<\/span><\/span><\/h2><div class=\"wpb_text_column\"><div class=\"wpb_wrapper\"><p data-path-to-node=\"2\">The Balaton Uplands are a territory of discovery: volcanic monadnocks, vineyards, scenic lookouts, and charming small villages follow one another within just a few kilometers.<\/p>\n<p data-path-to-node=\"3\">The varied terrain and the landscape of forested valleys are ideal for both hiking and cycling \u2013 it is no coincidence that they are a magnet for orienteers as well.<\/p>\n<p data-path-to-node=\"4\"><strong>If you are looking for your own path beyond the courses, you are sure to find new favorites here.<\/strong><\/p>\n<\/div><\/div><div class=\"w-separator size_small\"><\/div><div class=\"w-btn-wrapper align_center\"><a class=\"w-btn us-btn-style_1\" target=\"_blank\" href=\"https:\/\/visithungary.com\/articles\/adventures-on-mountaintops-and-in-the-depths-of-caves\" rel=\"noopener\"><span class=\"w-btn-label\">Balaton Uplands<\/span><\/a><\/div><\/div><\/div><div class=\"wpb_column vc_column_container us_custom_422bfc10\"><div class=\"vc_column-inner\"><div class=\"w-image us_custom_213e151c align_none\"><div class=\"w-image-h\"><img decoding=\"async\" width=\"600\" height=\"400\" src=\"https:\/\/woc2027.hu\/wp-content\/uploads\/2026\/01\/balaton_felvidek.png\" class=\"attachment-large size-large\" alt=\"\" loading=\"lazy\" srcset=\"https:\/\/woc2027.hu\/wp-content\/uploads\/2026\/01\/balaton_felvidek.png 600w, https:\/\/woc2027.hu\/wp-content\/uploads\/2026\/01\/balaton_felvidek-300x200.png 300w\" sizes=\"auto, (max-width: 600px) 100vw, 600px\" title=\"\"><\/div><\/div><\/div><\/div><\/div><\/div><\/section>\n","protected":false},"excerpt":{"rendered":"Venue &#038; ArenaVeszpr\u00e9m &#038; Lake BalatonVeszpr\u00e9mThe City of Queens and a key hub of the 2023 European Capital of Culture program, Veszpr\u00e9m is the proud host of WOC 2027. The cobblestone streets of the Castle District, the Baroque squares, and the vibrant atmosphere of the city center provide the perfect setting for a stroll, a...","protected":false},"author":4,"featured_media":0,"parent":0,"menu_order":0,"comment_status":"closed","ping_status":"closed","template":"","meta":{"_acf_changed":false,"footnotes":""},"class_list":["post-1633","page","type-page","status-publish","hentry"],"acf":[],"_links":{"self":[{"href":"https:\/\/woc2027.hu\/en\/wp-json\/wp\/v2\/pages\/1633","targetHints":{"allow":["GET"]}}],"collection":[{"href":"https:\/\/woc2027.hu\/en\/wp-json\/wp\/v2\/pages"}],"about":[{"href":"https:\/\/woc2027.hu\/en\/wp-json\/wp\/v2\/types\/page"}],"author":[{"embeddable":true,"href":"https:\/\/woc2027.hu\/en\/wp-json\/wp\/v2\/users\/4"}],"replies":[{"embeddable":true,"href":"https:\/\/woc2027.hu\/en\/wp-json\/wp\/v2\/comments?post=1633"}],"version-history":[{"count":6,"href":"https:\/\/woc2027.hu\/en\/wp-json\/wp\/v2\/pages\/1633\/revisions"}],"predecessor-version":[{"id":1949,"href":"https:\/\/woc2027.hu\/en\/wp-json\/wp\/v2\/pages\/1633\/revisions\/1949"}],"wp:attachment":[{"href":"https:\/\/woc2027.hu\/en\/wp-json\/wp\/v2\/media?parent=1633"}],"curies":[{"name":"wp","href":"https:\/\/api.w.org\/{rel}","templated":true}]}}

Veszprém &#038; Lake Balaton

<section class="l-section wpb_row us_custom_85f0d39c us_animate_this height_large color_secondary with_shape"><div class="l-section-shape type_wave pos_bottom" style="height:7vmin;"><svg xmlns="http://www.w3.org/2000/svg" viewBox="0 4 64 4" preserveAspectRatio="none" width="100%" height="100%">
	<path fill="currentColor" d="M64 6 C32 0 32 12 0 6 L0 8 L64 8 Z"/>
</svg></div><div class="l-section-h i-cf"><div class="g-cols vc_row via_grid cols_1 laptops-cols_inherit tablets-cols_inherit mobiles-cols_1 valign_top type_default stacking_default"><div class="wpb_column vc_column_container"><div class="vc_column-inner"><span class="w-text"><span class="w-text-h"><span class="w-text-value">Venue &#038; Arena</span></span></span><h1 class="w-text"><span class="w-text-h"><span class="w-text-value">Veszprém &#038; Lake Balaton</span></span></h1></div></div></div></div></section><section class="l-section wpb_row us_custom_a518f36e us_animate_this height_large"><div class="l-section-h i-cf"><div class="g-cols vc_row via_grid cols_2 laptops-cols_inherit tablets-cols_1 mobiles-cols_1 valign_top type_default stacking_default"><div class="wpb_column vc_column_container"><div class="vc_column-inner"><h2 class="w-text us_custom_4ce1635c has_text_color"><span class="w-text-h"><span class="w-text-value">Veszprém</span></span></h2><div class="wpb_text_column"><div class="wpb_wrapper"><p data-path-to-node="2">The City of Queens and a key hub of the 2023 European Capital of Culture program, Veszprém is the proud host of WOC 2027.</p>
<p data-path-to-node="3">The cobblestone streets of the Castle District, the Baroque squares, and the vibrant atmosphere of the city center provide the perfect setting for a stroll, a coffee, or evening activities between races.</p>
<p data-path-to-node="4"><strong>Explore the city between your runs – here, sport and urban experiences blend together naturally.</strong></p>
</div></div><div class="w-separator size_small"></div><div class="w-btn-wrapper align_center"><a class="w-btn us-btn-style_1" target="_blank" href="https://www.veszpreminfo.hu/en" rel="noopener"><span class="w-btn-label">Veszprém</span></a></div></div></div><div class="wpb_column vc_column_container us_custom_35b52ee0"><div class="vc_column-inner"><div class="w-image us_custom_213e151c align_none"><div class="w-image-h"><img decoding="async" width="800" height="533" src="https://woc2027.hu/wp-content/uploads/2024/08/vp-video-1.jpg" class="attachment-large size-large" alt="" loading="lazy" srcset="https://woc2027.hu/wp-content/uploads/2024/08/vp-video-1.jpg 800w, https://woc2027.hu/wp-content/uploads/2024/08/vp-video-1-300x200.jpg 300w" sizes="auto, (max-width: 800px) 100vw, 800px" title=""></div></div></div></div></div></div></section><section class="l-section wpb_row us_custom_a518f36e us_animate_this height_large color_secondary with_shape"><div class="l-section-shape type_wave pos_top" style="height:7vmin;"><svg xmlns="http://www.w3.org/2000/svg" viewBox="0 4 64 4" preserveAspectRatio="none" width="100%" height="100%">
	<path fill="currentColor" d="M64 6 C32 0 32 12 0 6 L0 8 L64 8 Z"/>
</svg></div><div class="l-section-shape type_wave pos_bottom" style="height:7vmin;"><svg xmlns="http://www.w3.org/2000/svg" viewBox="0 4 64 4" preserveAspectRatio="none" width="100%" height="100%">
	<path fill="currentColor" d="M64 6 C32 0 32 12 0 6 L0 8 L64 8 Z"/>
</svg></div><div class="l-section-h i-cf"><div class="g-cols vc_row via_grid cols_2 laptops-cols_inherit tablets-cols_1 mobiles-cols_1 valign_top type_default stacking_default"><div class="wpb_column vc_column_container"><div class="vc_column-inner"><div class="w-image us_custom_213e151c align_none"><div target="_blank" title="Bulletein 1 letöltése" class="w-image-h"><img decoding="async" width="600" height="400" src="https://woc2027.hu/wp-content/uploads/2026/01/balaton.png" class="attachment-large size-large" alt="" loading="lazy" srcset="https://woc2027.hu/wp-content/uploads/2026/01/balaton.png 600w, https://woc2027.hu/wp-content/uploads/2026/01/balaton-300x200.png 300w" sizes="auto, (max-width: 600px) 100vw, 600px" title=""></div></div></div></div><div class="wpb_column vc_column_container"><div class="vc_column-inner"><h2 class="w-text"><span class="w-text-h"><span class="w-text-value">Lake Balaton</span></span></h2><div class="wpb_text_column"><div class="wpb_wrapper"><p data-path-to-node="2">Lake Balaton – known as the &#8220;Hungarian Sea&#8221; – is just a stone&#8217;s throw away from Veszprém, making the lakeside relaxation easily accessible after your races.</p>
<p data-path-to-node="3">Beaches, marinas, promenades, and stunning sunsets await you, whether you’re looking for a quick dip or a longer lakeside program.</p>
<p data-path-to-node="4"><strong>At WOC 2027, the event is not just a competition – it’s a true summer experience.</strong></p>
</div></div><div class="w-separator size_small"></div><div class="w-btn-wrapper align_center"><a class="w-btn us-btn-style_1 us_custom_420561d5" target="_blank" href="https://visithungary.com/category/balaton" rel="noopener"><span class="w-btn-label">Lake Balaton</span></a></div></div></div></div></div></section><section class="l-section wpb_row us_custom_e11ab399 height_large"><div class="l-section-h i-cf"><div class="g-cols vc_row via_grid cols_2 laptops-cols_inherit tablets-cols_1 mobiles-cols_1 valign_top type_default stacking_default"><div class="wpb_column vc_column_container"><div class="vc_column-inner"><h2 class="w-text us_custom_4ce1635c has_text_color"><span class="w-text-h"><span class="w-text-value">Balaton Uplands</span></span></h2><div class="wpb_text_column"><div class="wpb_wrapper"><p data-path-to-node="2">The Balaton Uplands are a territory of discovery: volcanic monadnocks, vineyards, scenic lookouts, and charming small villages follow one another within just a few kilometers.</p>
<p data-path-to-node="3">The varied terrain and the landscape of forested valleys are ideal for both hiking and cycling – it is no coincidence that they are a magnet for orienteers as well.</p>
<p data-path-to-node="4"><strong>If you are looking for your own path beyond the courses, you are sure to find new favorites here.</strong></p>
</div></div><div class="w-separator size_small"></div><div class="w-btn-wrapper align_center"><a class="w-btn us-btn-style_1" target="_blank" href="https://visithungary.com/articles/adventures-on-mountaintops-and-in-the-depths-of-caves" rel="noopener"><span class="w-btn-label">Balaton Uplands</span></a></div></div></div><div class="wpb_column vc_column_container us_custom_422bfc10"><div class="vc_column-inner"><div class="w-image us_custom_213e151c align_none"><div class="w-image-h"><img decoding="async" width="600" height="400" src="https://woc2027.hu/wp-content/uploads/2026/01/balaton_felvidek.png" class="attachment-large size-large" alt="" loading="lazy" srcset="https://woc2027.hu/wp-content/uploads/2026/01/balaton_felvidek.png 600w, https://woc2027.hu/wp-content/uploads/2026/01/balaton_felvidek-300x200.png 300w" sizes="auto, (max-width: 600px) 100vw, 600px" title=""></div></div></div></div></div></div></section>

Venue &#038; ArenaVeszprém &#038; Lake BalatonVeszprémThe City of Queens and a key hub of the 2023 European Capital of Culture program, Veszprém is the proud host of WOC 2027. The cobblestone streets of the Castle District, the Baroque squares, and the vibrant atmosphere of the city center provide the perfect setting for a stroll, a...
